= -y - 3*y. Let u = 488 - y. What is the tens digit of u?
2
Let w(a) = 96*a**3 - 14*a**2 + 168*a - 28. What is the units digit of w(8)?
2
Let i(b) = 2*b**2 - 2*b - 25. Let n be i(-4). Suppose -n*u - 8 = -13*u. What is the units digit of ((-2)/(-1))/(u/(-138))?
9
Suppose 44*i - 837656 = 210776. What is the units digit of i?
8
Let r(i) = -10*i + 10. Let n = 91 - 196. Let h = n + 89. What is the units digit of r(h)?
0
Let o(l) = -22*l**2 + 8*l - 11. Let w be o(4). Let j = 632 + w. Let z = -108 + j. What is the hundreds digit of z?
1
Let l = 1379 - 617. Suppose -4*f - 5*w = -2983, -w - w - l = -f. What is the tens digit of f?
5
Let w(c) be the third derivative of -c**5/60 + c**4/3 + 3*c**3 - 11*c**2. Let y be w(11). What is the tens digit of (-317)/y - (-8)/(-60)?
2
Let t = 5496 + -1627. What is the tens digit of t?
6
Let p be 4 + (-2 + 10)/2. Let o be ((-9)/((-36)/p) - 2)/(-1). Suppose l - 290 + 90 = o. What is the units digit of l?
0
Let o(m) = m. Let b(q) = q**2 + 12*q - 4. Let a(w) = -b(w) - 5*o(w). Let c(h) = -34*h + 86. Let s be c(3). What is the units digit of a(s)?
0
Suppose 5*q = -2*k - 6, 2*k = -3*q - q - 6. Suppose 0 = -2*p - q. What is the units digit of (p/7 + -3)/((-6)/146)?
3
Let j(i) = 4*i**2 + 3*i - 149. Let x be (-250)/15 + 5 + (-1)/3. What is the tens digit of j(x)?
9
Suppose 0 = -2*l - 6*l + 4928. Let y = 1043 - l. Let u = y - 244. What is the hundreds digit of u?
1
Let y = 17953 - 7892. What is the hundreds digit of y?
0
Let z(a) be the third derivative of a**6/60 + 7*a**5/15 + a**4/6 + 17*a**3/6 - 2*a**2 + 2*a. What is the tens digit of z(-12)?
4
Suppose -138 = -3*o - 3*w, 0 = 3*o - 0*w + 4*w - 133. Suppose -o*x = -53*x + 1400. What is the units digit of x?
0
Suppose -5*w + 17138 = -2*b, 3*w + 0*b + 3*b = 10266. What is the units digit of (-9)/(135/10) - w/(-9)?
0
Suppose -36*p + 21230 = -25*p. Let a = -1009 + p. What is the hundreds digit of a?
9
Suppose -9*n + 4*n = 3*w + 5, -5*n = 2*w. Suppose -5*g + 9486 = -n*i + 2743, -5*g + 6746 = i. What is the hundreds digit of g?
3
Let w = -13 - -70. Let m = w + -57. Suppose -5*u + 2 + 3 = m. What is the units digit of u?
1
Let i be (-2)/(28/6) + (-495)/21. Let g be (i/16)/(1/(-46)). Suppose 86 + g = 5*q. What is the tens digit of q?
3
Let i(o) = -o**3 - 12*o**2. Let b be i(-12). Suppose b = 2*n + 8*n - 30. What is the units digit of n?
3
Let a = -6683 - -89024. What is the tens digit of a?
4
Suppose 5*n - 40 = 2*o, -3*n = -2*o - 3*o - 24. Suppose -4*h + 5819 = p, -n*p = -5*h - 3*p + 7305. What is the units digit of h?
6
Let h = -46 - -40. Let t(v) = -v**3 + 3*v**2 + 14*v + 131. What is the hundreds digit of t(h)?
3
Suppose 9*c - 13*c = 2060. Let r = -234 - c. What is the units digit of r?
1
Suppose 2*i + b - 4 = -b, -5*i + 4*b = -10. Suppose i*u = -280 - 232. Let j = -52 - u. What is the units digit of j?
4
Let f(w) = 4*w**2 + 8*w + 4. Let i(u) = 2*u + 21. Let n be i(-7). Suppose -t = 2*t + 2*o + n, 3*o - 3 = 0. What is the units digit of f(t)?
6
Suppose m + 59453 = 3*o, 60*m = 3*o + 55*m - 59449. What is the ten thousands digit of o?
1
Let x = 10129 - 3151. What is the hundreds digit of x?
9
Let t(n) = -29*n + 1314. What is the tens digit of t(33)?
5
What is the thousands digit of ((-16)/5)/(176*2552/(-74855) + 6)?
0
Let k = 9 + -7. Suppose u = 73 + k. Suppose -81 = -2*x + u. What is the units digit of x?
8
Let o(u) = -14*u + 132. Let i be o(9). Suppose 2*r + i*c = 11*c + 2846, -20 = 5*c. What is the hundreds digit of r?
4
Suppose 0 = 5*y + r + 425, y + 2*y - 5*r + 255 = 0. Let o be (-4 + 9 - 0) + 139. Let m = y + o. What is the tens digit of m?
5
Let q(t) = -t**3 + 5*t**2 + 6*t - 6. Let f = -33 - -40. Suppose f = b + 2. What is the tens digit of q(b)?
2
What is the tens digit of (12/4 - 1) + (-5 - -10*2555)?
4
Let v(p) = -10*p**2 - 23*p + 50. Let s(d) = 7*d**2 + 15*d - 33. Let o(n) = -7*s(n) - 5*v(n). What is the tens digit of o(5)?
5
Suppose 0*v = 5*v - 40052 + 7212. What is the tens digit of v?
6
Suppose 0 = j - 12*g + 7*g - 4, -5*g = 2*j - 23. What is the hundreds digit of j/(-3)*9834/(-99)?
2
Suppose 5*p + d = 51998, 4*p + 39*d - 41608 = 43*d. What is the thousands digit of p?
0
Let f(h) = 2*h**2 + 34*h - 26. Let n be f(-19). Suppose 14 - n = -z. What is the tens digit of z?
3
Suppose -153*j - 5302161 = -14426316. What is the thousands digit of j?
9
Let p = -422 - -1606. What is the units digit of p?
4
Let o(t) = t**2 - 30*t - 30. Let i be o(-38). Suppose -5*q + 29*y + 4266 = 28*y, -5*y + i = 3*q. What is the tens digit of q?
5
Suppose -p = -6 + 3. Suppose -5*h - 4*b - 12 = 0, -5*b = 4*h - 4*b + p. Suppose h = -4*d - j + 241, 0*d - 3*d - j = -182. What is the tens digit of d?
5
Suppose 0 = h + 5*p - 5, -4*p = h - 1 - 4. Suppose 4*n - 531 = -h*n. Suppose 19 = -w + n. What is the tens digit of w?
4
Let l = 16 + 36349. What is the ten thousands digit of l?
3
Suppose -70*t + 50*t - 60 = 0. What is the thousands digit of 2178/(-27)*t*5?
1
Let v(m) = -4*m**3 + 29*m**2 + 82*m + 12. What is the hundreds digit of v(-14)?
5
What is the tens digit of 165/40*1830 - (-9)/36?
4
Let j be ((-22)/(-10) + -1)*(12 - 7). Let u = -66 - -63. What is the tens digit of (u + j)*(-352)/(-6)?
7
Suppose -y - 2977 = -2*o, -y - 3272 = 4*o - 9223. Let j = 15912 - 15908. Suppose -4*v - j*v = -o. What is the hundreds digit of v?
1
Suppose 0*x + x - 30 = 0. Suppose t - 33 = -4*v, -2*t - v + 2*v + x = 0. What is the tens digit of (2 + 3)/(1/t)?
8
Let i(u) = 2*u**2 + 13*u. Let q be i(-9). Let w = q + 92. Suppose -6*p + 1 + w = 0. What is the tens digit of p?
2
Suppose 5*q + 24900 = 3*i, -23*i + 22*i + 8300 = 5*q. What is the hundreds digit of i?
3
Let a = 2393 - 2394. Suppose 2 - 9 = y. Let b = a - y. What is the units digit of b?
6
Let w(z) = 15*z - 64. Let d(n) = 8*n - 32. Let g(o) = -5*d(o) + 3*w(o). Suppose -76 = -5*t - 3*f, -106*t + 82 = -101*t + f. What is the tens digit of g(t)?
5
Let v be (2 + -1 + 21)/1. Suppose 40*r - 277 = 243. Suppose -v = -n + r. What is the tens digit of n?
3
Let l = -278 + 2828. What is the hundreds digit of l?
5
Let t = 32744 + -16722. What is the thousands digit of t?
6
Let w(k) = 53*k + 5. Let p be w(2). Let c be (-1)/(-2 + 10/6). Suppose p = c*n - 90. What is the tens digit of n?
6
Let h(k) = k**3 + 18*k**2 - 9*k + 25. Suppose 0 = 4*t - 39*j + 36*j + 74, -3*t = -3*j + 57. What is the hundreds digit of h(t)?
4
Let x(m) = m**3 + 27*m**2 - 3*m - 5. Let f be x(-27). Let q = -74 + f. Suppose 3*r = -3*y + 18, -3*y - q*y + 20 = 3*r. What is the units digit of y?
1
Let c(w) = 4*w + 135. Let q be c(-27). What is the units digit of 1/2*q/(135/20)?
2
Suppose 4*c - 8*t - 1988 = -9*t, 0 = 2*t. Suppose -2*x - 3*a + 980 = 0, -a = x - 3*a - c. What is the hundreds digit of x?
4
Let u be (-4)/(-1 - -33) + 34/16. Suppose 2*q = u*z + 16, -4*z + 12 = -2*q - 9*z. Suppose 42 = -q*d + 5*d. What is the units digit of d?
2
Let s be 8143/15 - (-46)/345. Suppose -8*a + 3791 = s. What is the units digit of a?
6
Let d = -296 + 298. What is the hundreds digit of (-10 + d)*-14*(0 - -5)?
5
Let g = 9558 + -3423. What is the thousands digit of g?
6
Let q = -148 + 154. What is the hundreds digit of q/(-4) - (7 - (-2092)/(-8))?
2
Suppose 30*u - 31*u - 2 = 0. Let x be 1/u - 153/(-18) - 4. Suppose -x*o - 2*o + 702 = 0. What is the hundreds digit of o?
1
Suppose -2*d = 3*i - 490, i - 3*i - 4*d + 340 = 0. Suppose i + 32 = -4*s. Let w = s - -71. What is the units digit of w?
3
Let w(v) = -112*v - 17. Let u(a) = -a**2 - 10*a - 3. Let q be u(-10). What is the units digit of w(q)?
9
Suppose -4 = 4*y, -2*j + 2*y + 9126 = -10566. What is the hundreds digit of j?
8
Let v(u) = 2*u**3 + 16*u**2 - u - 224. What is the hundreds digit of v(18)?
6
Let v(t) = -3*t**3 + 19*t**2 - 6*t - 2. Suppose 8 = -6*z + 38. Suppose 0 = -4*u - z + 25. What is the tens digit of v(u)?
6
Suppose 5*y = 1 + 4. Suppose -2*i + i + y = 0. What is the units digit of i/(-4) - (5 - (-2548)/(-16))?
4
Suppose -64 = 8*z - 4*z. Let d = z + 20. Suppose -8*g + 348 = -d*g. What is the tens digit of g?
8
Let s = -4824 + 4939. What is the tens digit of s?
1
Suppose -7*w - s = -89736, -2*s - 25632 = -2*w - 4*s. What is the thousands digit of w?
2
Let h(j) = 84*j**3 + 2*j**2 - 2*j + 1. Suppose -9 = -5*l + 1. Suppose -5*o = -l*g - 3*g, 5*g - 5 = 0. What is the u